710706.
2, 3, 23, 61, 12739
List the prime factors of 2298572297.
7, 463, 709217
What are the prime factors of 603684799?
603684799
What are the prime factors of 418777957?
13, 32213689
List the prime factors of 3111451824.
2, 3, 13, 883, 5647
List the prime factors of 798301969.
2861, 279029
List the prime factors of 151645194.
2, 3, 19, 443407
List the prime factors of 574171885.
5, 7, 23, 167, 4271
What are the prime factors of 335628097?
7, 773, 8861
What are the prime factors of 890201556?
2, 3, 8242607
List the prime factors of 6589444864.
2, 73, 503, 701
What are the prime factors of 394230972?
2, 3, 32852581
List the prime factors of 2517981638.
2, 1258990819
List the prime factors of 4918906.
2, 1223, 2011
List the prime factors of 793243171.
7, 17, 6665909
List the prime factors of 48563859.
3, 1733, 9341
List the prime factors of 60298508.
2, 15074627
List the prime factors of 1707164238.
2, 3, 13, 37, 53, 11161
List the prime factors of 35861317.
991, 36187
List the prime factors of 32478678.
2, 3, 601457
List the prime factors of 114946087.
37, 3106651
What are the prime factors of 183298785?
3, 5, 12219919
What are the prime factors of 1187658556?
2, 7, 17, 53, 179, 263
What are the prime factors of 747517292?
2, 186879323
What are the prime factors of 240867377?
1483, 162419
What are the prime factors of 436877049?
3, 7, 3923, 5303
List the prime factors of 2922859282.
2, 7, 919, 227177
What are the prime factors of 246392166?
2, 3, 41065361
What are the prime factors of 163276935?
3, 5, 937, 11617
List the prime factors of 188344888.
2, 401, 58711
What are the prime factors of 106222877?
2393, 44389
List the prime factors of 21518734.
2, 157, 68531
List the prime factors of 46666045.
5, 9333209
List the prime factors of 187402154.
2, 107, 875711
What are the prime factors of 78777622?
2, 7, 11, 23, 967
List the prime factors of 15805619.
15805619
What are the prime factors of 357084906?
2, 3, 643, 92557
List the prime factors of 77758899.
3, 25919633
List the prime factors of 2746460567.
23, 119411329
What are the prime factors of 202535175?
3, 5, 2700469
What are the prime factors of 29174810?
2, 5, 7, 23, 18121
What are the prime factors of 47274768?
2, 3, 233, 1409
List the prime factors of 27276462.
2, 3, 1515359
What are the prime factors of 310972442?
2, 11, 14135111
What are the prime factors of 1290478219?
431, 2994149
List the prime factors of 178813061.
7, 25544723
What are the prime factors of 16088523?
3, 11, 23, 41, 47
What are the prime factors of 336502777?
13, 17, 53, 28729
What are the prime factors of 1452315268?
2, 37, 9812941
What are the prime factors of 33983127?
3, 557, 6779
What are the prime factors of 66919594?
2, 7, 331, 2063
List the prime factors of 85864908.
2, 3, 7155409
What are the prime factors of 763684384?
2, 23865137
What are the prime factors of 622280808?
2, 3, 487, 17747
What are the prime factors of 9813279?
3, 7, 241, 277
What are the prime factors of 97708185?
3, 5, 2171293
What are the prime factors of 95863344?
2, 3, 167, 11959
What are the prime factors of 1830563557?
379, 4829983
List the prime factors of 480534266.
2, 240267133
What are the prime factors of 17516455?
5, 11, 23, 61, 227
What are the prime factors of 3291598884?
2, 3, 7, 37, 1059073
What are the prime factors of 52617675?
3, 5, 11, 23, 47, 59
What are the prime factors of 2209164316?
2, 857, 644447
List the prime factors of 2234586588.
2, 3, 13, 2089, 6857
List the prime factors of 3430355774.
2, 41, 41833607
List the prime factors of 300769472.
2, 1063, 4421
What are the prime factors of 4252606?
2, 2126303
List the prime factors of 61942766.
2, 30971383
List the prime factors of 37207650.
2, 3, 5, 248051
What are the prime factors of 581199615?
3, 5, 83, 155609
List the prime factors of 43775488.
2, 193, 443
List the prime factors of 959437033.
4637, 206909
What are the prime factors of 70302780?
2, 3, 5, 71, 5501
List the prime factors of 1735649164.
2, 19, 89, 137, 1873
List the prime factors of 1090887897.
3, 11, 1549, 21341
What are the prime factors of 19842439?
131, 167, 907
List the prime factors of 2091129183.
3, 11, 13, 17, 31859
List the prime factors of 674539982.
2, 12433, 27127
What are the prime factors of 59458325?
5, 163, 14591
List the prime factors of 684974269.
7, 97853467
List the prime factors of 332269982.
2, 11, 1229, 12289
What are the prime factors of 168501602?
2, 71, 1186631
What are the prime factors of 51230374?
2, 13, 151, 13049
What are the prime factors of 166305272?
2, 7, 23, 129119
What are the prime factors of 161242480?
2, 5, 7, 287933
What are the prime factors of 127064837?
19, 6687623
List the prime factors of 2339190475.
5, 691, 135409
What are the prime factors of 973290142?
2, 11, 1753, 25237
What are the prime factors of 788598722?
2, 569, 692969
What are the prime factors of 23032990?
2, 5, 61, 619
What are the prime factors of 523598377?
47, 373, 29867
What are the prime factors of 31366914?
2, 3, 1093, 4783
List the prime factors of 244846607.
3511, 69737
List the prime factors of 281401098.
2, 3, 11, 1973, 2161
What are the prime factors of 378792046?
2, 113, 1676071
What are the prime factors of 804571723?
804571723
What are the prime factors of 62395561?
62395561
What are the prime factors of 5209150462?
2, 29, 43, 281, 7433
List the prime factors of 16094609.
16094609
What are the prime factors of 970849146?
2, 3, 337, 480143
What are the prime factors of 2243881577?
7, 131, 2446981
What are the prime factors of 298910565?
3, 5, 19, 349603
List the prime factors of 128666345.
5, 151, 193, 883
What are the prime factors of 15866377?
37, 571, 751
What are the prime factors of 41316301?
13, 167, 19031
List the prime factors of 4469927909.
5051, 884959
List the prime factors of 7640624.
2, 477539
List the prime factors of 104787112.
2, 13098389
What are the prime factors of 94886009?
31, 3060839
List the prime factors of 5601604351.
7, 137, 2153, 2713
What are the prime factors of 5191832447?
337, 15406031
List the prime factors of 1370049283.
19, 37, 1948861
What are the prime factors of 38733865?
5, 7746773
List the prime factors of 115485750.
2, 3, 5, 1901
What are the prime factors of 3654475662?
2, 3, 3203, 190159
What are the prime factors of 207630467?
11, 31, 608887
What are the prime factors of 102546380?
2, 5, 17, 197, 1531
List the prime factors of 35780592.
2, 3, 71, 10499
What are the prime factors of 781621743?
3, 7, 293, 127031
What are the prime factors of 950012521?
19, 409, 122251
What are the prime factors of 417594232?
2, 11, 431399
List the prime factors of 2519191179.
3, 1889, 49393
List the prime factors of 208048735.
5, 61, 67, 10181
What are the prime factors of 735525894?
2, 3, 122587649
List the prime factors of 240170533.
59, 4070687
List the prime factors of 5192480988.
2, 3, 37, 1171, 3329
What are the prime factors of 48437148?
2, 3, 17, 283, 839
List the prime factors of 9211853.
7, 37, 5081
List the prime factors of 40183703.
7, 83, 69163
What are the prime factors of 25840904?
2, 3230113
What are the prime factors of 5933144?
2, 7, 101, 1049
What are the prime factors of 93956304?
2, 3, 13, 150571
List the prime factors of 108606385.
5, 21721277
What are the prime factors of 346888493?
7, 1259, 5623
What are the prime factors of 2341183012?
2, 7, 59, 79, 17939
List the prime factors of 46343801.
7, 1303, 5081
List the prime factors of 750058128.
2, 3, 1201, 4337
List the prime factors of 147305073.
3, 53, 97, 9551
What are the prime factors of 6856307?
41, 43, 3889
List the prime factors of 786171078.
2, 3, 7, 11, 383, 1481
What are the prime factors of 40470513?
3, 19, 710009
What are the prime factors of 238863958?
2, 593, 201403
What are the prime factors of 35225550?
2, 3, 5, 97, 269
What are the prime factors of 7885986769?
7885986769
List the prime factors of 1582269075.
3, 5, 691, 10177
What are the prime factors of 119660528?
2, 13, 61, 9431
List the prime factors of 565575704.
2, 23, 127, 24203
List the prime factors of 2152908456.
2, 3, 1621, 55339
What are the prime factors of 52765147?
19, 2777113
List the prime factors of 105109211.
105109211
List the prime factors of 173376222.
2, 3, 28896037
What are the prime facto